he prime factors of 124346?
2, 79, 787
What are the prime factors of 14459?
19, 761
List the prime factors of 44806.
2, 43, 521
What are the prime factors of 463?
463
List the prime factors of 1239.
3, 7, 59
List the prime factors of 28444.
2, 13, 547
List the prime factors of 33525.
3, 5, 149
List the prime factors of 379.
379
What are the prime factors of 173396?
2, 67, 647
List the prime factors of 26426.
2, 73, 181
List the prime factors of 768.
2, 3
List the prime factors of 22093.
22093
What are the prime factors of 8394?
2, 3, 1399
List the prime factors of 5190.
2, 3, 5, 173
What are the prime factors of 5891?
43, 137
What are the prime factors of 470?
2, 5, 47
What are the prime factors of 2121?
3, 7, 101
List the prime factors of 565.
5, 113
List the prime factors of 81037.
11, 53, 139
What are the prime factors of 245?
5, 7
What are the prime factors of 2047?
23, 89
What are the prime factors of 15011?
17, 883
List the prime factors of 2828.
2, 7, 101
What are the prime factors of 929?
929
What are the prime factors of 53085?
3, 5, 3539
What are the prime factors of 1022?
2, 7, 73
What are the prime factors of 789?
3, 263
What are the prime factors of 4427?
19, 233
List the prime factors of 79782.
2, 3, 13297
List the prime factors of 2370.
2, 3, 5, 79
List the prime factors of 87060.
2, 3, 5, 1451
List the prime factors of 26176.
2, 409
List the prime factors of 2445.
3, 5, 163
List the prime factors of 40690.
2, 5, 13, 313
What are the prime factors of 1302?
2, 3, 7, 31
List the prime factors of 124.
2, 31
List the prime factors of 47233.
149, 317
What are the prime factors of 11339?
17, 23, 29
What are the prime factors of 50615?
5, 53, 191
What are the prime factors of 13763?
13763
List the prime factors of 15890.
2, 5, 7, 227
What are the prime factors of 6970?
2, 5, 17, 41
What are the prime factors of 2098?
2, 1049
List the prime factors of 25090.
2, 5, 13, 193
List the prime factors of 12980.
2, 5, 11, 59
What are the prime factors of 14145?
3, 5, 23, 41
What are the prime factors of 2315?
5, 463
What are the prime factors of 80?
2, 5
List the prime factors of 3909.
3, 1303
What are the prime factors of 681?
3, 227
List the prime factors of 939.
3, 313
What are the prime factors of 45946?
2, 22973
List the prime factors of 10703.
7, 11, 139
List the prime factors of 46355.
5, 73, 127
List the prime factors of 14278.
2, 11, 59
What are the prime factors of 13487?
13487
What are the prime factors of 16175?
5, 647
What are the prime factors of 6190?
2, 5, 619
What are the prime factors of 150?
2, 3, 5
What are the prime factors of 21847?
7, 3121
List the prime factors of 13137.
3, 29, 151
What are the prime factors of 38636?
2, 13, 743
What are the prime factors of 21021?
3, 7, 11, 13
What are the prime factors of 8878?
2, 23, 193
List the prime factors of 95210.
2, 5, 9521
List the prime factors of 691.
691
List the prime factors of 16330.
2, 5, 23, 71
List the prime factors of 1858.
2, 929
What are the prime factors of 5352?
2, 3, 223
What are the prime factors of 3243?
3, 23, 47
List the prime factors of 2212.
2, 7, 79
List the prime factors of 30221.
47, 643
What are the prime factors of 7785?
3, 5, 173
What are the prime factors of 7825?
5, 313
List the prime factors of 143741.
13, 11057
List the prime factors of 18355.
5, 3671
List the prime factors of 6322.
2, 29, 109
What are the prime factors of 13361?
31, 431
List the prime factors of 5640.
2, 3, 5, 47
List the prime factors of 7758.
2, 3, 431
What are the prime factors of 39304?
2, 17
List the prime factors of 41203.
41203
List the prime factors of 77827.
223, 349
What are the prime factors of 1629?
3, 181
What are the prime factors of 10237?
29, 353
List the prime factors of 5352.
2, 3, 223
List the prime factors of 69049.
29, 2381
List the prime factors of 361.
19
What are the prime factors of 7659?
3, 23, 37
List the prime factors of 4126.
2, 2063
What are the prime factors of 33012?
2, 3, 7, 131
What are the prime factors of 1390?
2, 5, 139
List the prime factors of 704.
2, 11
What are the prime factors of 4010?
2, 5, 401
List the prime factors of 1170.
2, 3, 5, 13
What are the prime factors of 6689?
6689
What are the prime factors of 7999?
19, 421
What are the prime factors of 6096?
2, 3, 127
What are the prime factors of 3318?
2, 3, 7, 79
What are the prime factors of 670?
2, 5, 67
What are the prime factors of 11938?
2, 47, 127
What are the prime factors of 109?
109
What are the prime factors of 19031?
19031
What are the prime factors of 858?
2, 3, 11, 13
What are the prime factors of 82204?
2, 20551
What are the prime factors of 9404?
2, 2351
What are the prime factors of 34841?
34841
List the prime factors of 1182.
2, 3, 197
What are the prime factors of 74630?
2, 5, 17, 439
List the prime factors of 1185.
3, 5, 79
What are the prime factors of 40612?
2, 11, 13, 71
What are the prime factors of 67202?
2, 33601
What are the prime factors of 111938?
2, 97, 577
List the prime factors of 15021.
3, 1669
What are the prime factors of 665?
5, 7, 19
List the prime factors of 1927.
41, 47
What are the prime factors of 29310?
2, 3, 5, 977
What are the prime factors of 59449?
13, 17, 269
List the prime factors of 32790.
2, 3, 5, 1093
List the prime factors of 1874.
2, 937
What are the prime factors of 122210?
2, 5, 11, 101
List the prime factors of 937.
937
What are the prime factors of 20856?
2, 3, 11, 79
List the prime factors of 12152.
2, 7, 31
What are the prime factors of 2766?
2, 3, 461
What are the prime factors of 13049?
13049
What are the prime factors of 6909?
3, 7, 47
List the prime factors of 83143.
29, 47, 61
List the prime factors of 7520.
2, 5, 47
List the prime factors of 2840.
2, 5, 71
What are the prime factors of 2366?
2, 7, 13
What are the prime factors of 6052?
2, 17, 89
What are the prime factors of 434?
2, 7, 31
What are the prime factors of 538?
2, 269
What are the prime factors of 2303?
7, 47
What are the prime factors of 11566?
2, 5783
List the prime factors of 25995.
3, 5, 1733
List the prime factors of 9054.
2, 3, 503
List the prime factors of 21111.
3, 31, 227
List the prime factors of 82260.
2, 3, 5, 457
List the prime factors of 24601.
73, 337
What are the prime factors of 1051?
1051
List the prime factors of 5112.
2, 3, 71
List the prime factors of 23949.
3, 887
What are the prime factors of 94741?
17, 5573
List the prime factors of 13089.
3, 4363
List the prime factors of 32677.
41, 797
What are the prime factors of 211?
211
What are the prime factors of 225?
3, 5
List the prime factors of 5414.
2, 2707
What are the prime factors of 8337?
3, 7, 397
List the prime factors of 13720.
2, 5, 7
What are the prime factors of 1004?
2, 251
What are the prime factors of 6379?
6379
What are the prime factors of 699?
3, 233
What are the prime factors of 38585?
5, 7717
List the prime factors of 468.
2, 3, 13
What are the prime factors of 64419?
3, 109, 197
List the prime factors of 1978.
2, 23, 43
List the prime factors of 107433.
3, 23, 173
List the prime factors of 728.
2, 7, 13
What are the prime factors of 724?
2, 181
What are the prime factors of 23?
23
What are the prime factors of 18778?
2, 41, 229
What are the prime factors of 14977?
17, 881
What are the prime factors of 10458?
2, 3, 7, 83
List the prime factors of 7906.
2, 59, 67
What are the prime factors of 390?
2, 3, 5, 13
List the prime factors of 125287.
125287
What are the prime factors of 7276?
2, 17, 107
List the prime factors of 2245.
5, 449
List the prime factors of 1258.
2, 17, 37
What are the prime factors of 37787?
29, 1303
List the prime factors of 753.
3, 251
What are the prime factors of 532?
2, 7, 19
What are the prime factors of 90?
2, 3, 5
What are the prime factors of 4043?
13, 311
What are the prime factors of 126837?
3, 17, 829
What are the prime factors of 12216?
2, 3, 509
What are the prime factors of 68265?
3, 5, 37, 41
List the prime factors of 2999.
2999
What are the prime factors of 25859?
19, 1361
What are the prime factors of 115?
5, 23
List the prime factors of 2851.
2851
List the prime factors of 12712.
2, 7, 227
List the prime factors of 10286.
2, 37, 139
List the prime factors of 965.
5, 193
List the prime factors of 5542.
2, 17, 163
List the prime fac